2*v + v + 18 + 0*v. Let g be (585/351)/((-5)/12)*9/(-4). Give b(g).
9
Let a(f) = -f**3 + 6*f**2 + 3*f + 8. Suppose 10*p - 753 + 93 = 0. Let c be (-12)/18*(-5 - 1). Suppose -c*g - 38 = -p. Give a(g).
-20
Let u = -29 - -132. Let n = 34 - u. Let m = n - -66. Let g(k) = k**3 + 3*k**2 + 2*k - 1. Calculate g(m).
-7
Let z(f) be the third derivative of f**4/12 - f**3/3 - 3*f**2. Let x be -2 + 2 + (3 - (7 + 1)). What is z(x)?
-12
Let u(m) = 328*m**2 - 44*m - 1. Let j(t) = 109*t**2 - 13*t. Let y(l) = -3*j(l) + u(l). Let h(o) = -o**2 + 7*o - 3. Let r be h(3). Determine y(r).
35
Let u(z) = z**3 - 22*z**2 - 3*z - 22. Suppose 268*b + 25 = 263*b, -4*t + 4*b = -108. Give u(t).
-88
Let x be -1 + -1 - 52/(-4). Let t(g) = g - 1002. Let o(a) = -5*a + 4812. Let k(z) = -5*o(z) - 24*t(z). Give k(x).
-1
Let y(o) = 2*o**2 + 4*o + 5. Let q(w) = 10*w**2 + 20*w + 26. Let a(h) = 2*q(h) - 11*y(h). Suppose -4*b = -g - 18, 10*g + 16 = 12*g + 5*b. Determine a(g).
-3
Suppose 0 = 5*b - 20, 3*k + 2*k = -5*b + 190. Let v be (-56)/4*(k/4)/(-1). Let z(x) = 41*x + 6 + 39*x - v*x + 40*x. What is z(-10)?
-4
Let f(n) = 4*n**3 - 2*n - 1. Suppose y = -y - 2*h + 8, -5*h = 2*y - 2. Suppose -y*s = -6*s - 8*s. Suppose p - 4*g = 7, 2*p + 3*g - g + 6 = s. Calculate f(p).
-3
Let h(v) = 1839*v**3 - 2 - v + 2*v**2 + 1745*v**3 + 0*v - 3744*v**3. What is h(-1)?
161
Let q(v) = -v**2 + 5*v + 10. Suppose 7*r + 13 - 34 = 0. Suppose -2*k = 6*s - 2*s - 40, 27 = r*s + 3*k. Suppose -61 = -9*g + s. What is q(g)?
-14
Let d be ((-10)/(-4) + -2)*2. Suppose 0 = -4*u - 4, h + 5*u + 5 = -d. Let m(k) = -5*k**2 - k**3 + 1 + 3*k**2 + 3*k**3 + 3*k**3. Determine m(h).
-6
Let y(o) be the third derivative of -o**4/8 - 5*o**3/6 - o**2. Let v(b) = -3 - 261*b + 4 + 264*b + 4. Let x(h) = -5*v(h) - 6*y(h). Determine x(5).
20
Let k = -1 - 2. Let t = 3 - 15. Let p(s) = 34*s - 36. Let z(v) = -14*v + 15. Let q(r) = t*z(r) - 5*p(r). Give q(k).
6
Let h(q) = -3*q - 78. Let l be h(-33). Suppose -26*k = -l*k - 10. Let x(n) = n - 3. Let w(m) = -2*m + 5. Let u(p) = -3*w(p) - 5*x(p). Determine u(k).
2
Let d(h) = 7*h**3 - 7*h**2 - 4*h + 10. Let o(a) = -5 + 5*a - 201*a**2 - 1 + 208*a**2 - 5 - 9*a**3. Let w(y) = -5*d(y) - 4*o(y). Determine w(-7).
-6
Let u(d) = -3*d**3 - 7*d**2 + 17*d + 34. Let n be u(-3). Let w(z) = -38*z**2 - z + 2. Calculate w(n).
-37
Let s(h) = 4*h**2 + 24*h - 18. Let d(b) = 4*b - 2. Let q(w) = -6*d(w) + s(w). Calculate q(2).
10
Suppose 26*d + 1274 = -23*d. Let q(j) = j**3 + 25*j**2 - 27*j - 27. Give q(d).
-1
Let w(u) = -u**2 - 22*u - 17. Let r be w(-21). Suppose -v - 2*v = -6, -3*v = b - 10. Let p(d) = b*d**3 + 3*d - 4 - 5*d**3 - 1 + 3*d**2 + 4. Determine p(r).
-5
Let j(u) = u**2 + 27*u - 37. Let q = 7480 - 7509. What is j(q)?
21
Let q(k) = 3*k**2 + 27*k + k**3 - 2*k**2 - 26*k - 2*k**3. Let v = -2420 - -2422. Give q(v).
-2
Let m be (-466)/13 - (1590/195 - (4 - -4)). Let x(y) = 9*y + 319. Calculate x(m).
-5
Let w(j) be the third derivative of -j**5/2 - 91*j**4/12 - 4*j**3/3 + 2112*j**2. Give w(-6).
4
Let b be 3/(-24) + 85/40. Suppose 4*z - 6*y - 42 = -4*y, 9 = 3*y. Suppose 5*l - z = -b. Let n(j) = -j**3 + 3*j**2 + 2*j. What is n(l)?
8
Let b(y) = y**3 - 42*y**2 - 12*y. Let p(o) = -o**3 + 7*o**2 + 2*o. Let d(g) = -b(g) - 6*p(g). Give d(2).
40
Let s(k) = -k**3 - 12*k**2 - 23*k - 40. Suppose -91*x - 361 = 105 + 444. Determine s(x).
-10
Let w = -6 + 27. Suppose -w*y + 16*y = 20. Let a(m) = -m**3 - 3*m**2 + 4*m + 6. What is a(y)?
6
Let d(n) = n + 4. Let a(x) = 2*x**2 + 9*x - 33. Let k(p) = -3*p**2 - 9*p + 33. Let o(v) = 4*a(v) + 3*k(v). Let u be o(8). Let j = u + 19. What is d(j)?
-2
Let y be (-156)/(-1326) - (140/34 + 0). Let d(x) be the third derivative of -1/60*x**5 - 1/6*x**4 + 0 + 0*x + 1/6*x**3 + 4*x**2. What is d(y)?
1
Let i = 22 - 17. Suppose -15*j + 14 = -8*j. Let p(c) = -4 + 2*c**2 + 10*c**3 + 2*c**j + 5*c - 11*c**3. Calculate p(i).
-4
Let g(d) = d**3 - 12*d**2 - 12*d - 13. Let q be g(13). Let i(u) be the second derivative of -14*u**2 - 1 - 2*u - 1/6*u**3. Determine i(q).
-28
Let n(b) = 2*b - 28. Let w(r) = -8*r + 113. Let v(t) = 26*n(t) + 6*w(t). Determine v(17).
18
Let w be 108/270*(-365)/(-2). Suppose c + 91 = 22. Let p = w + c. Let r(j) = j**2 - j - 5. What is r(p)?
7
Suppose -4*s + 3*s + 5*f = 13, -5*s + f + 7 = 0. Let r be -1 + 6*(-1)/(-2). Let w(t) = -6 - t**r - t**3 - 7*t**2 - 10*t + t**s. Calculate w(-6).
18
Let c = 142 + -115. Suppose -31 = -r - c. Let m(h) = h**3 - 4*h**2 - 3*h. What is m(r)?
-12
Let g(k) = -31 + 48 + k**2 + 2*k - 3*k**2 - 11 - 11 - k**3. What is g(3)?
-44
Let f(u) = -11*u**3 - 62*u**2 - 48*u + 46. Let m(y) = -7*y**3 - 41*y**2 - 32*y + 31. Let t(q) = 5*f(q) - 8*m(q). Calculate t(-17).
-1
Let f be (-6)/(-4)*(-1112)/(-12). Suppose -138*g + f*g + 14 = 0. Let a(v) = v**3 + 15*v**2 + 15*v + 8. Give a(g).
-6
Let h(f) = 7*f**2 - 19*f - 33. Let p(t) = 12*t**2 - 36*t - 59. Let y(j) = -7*h(j) + 4*p(j). Calculate y(-7).
23
Let t(c) = c**3 + 7*c**2 + 3*c - 13. Let a = 100 - 106. Let z be t(a). Let s(k) = 3*k - 4. Determine s(z).
11
Let m(t) = -82 - 2*t + t + 31 + 39. Suppose 15 + 22 + 26 = -9*x. Determine m(x).
-5
Let k(p) be the third derivative of -p**5/60 + 7*p**4/24 + p**3 + 25326*p**2. Let a(n) = 7*n**2 - n. Let i be a(-1). Give k(i).
-2
Let m(j) be the second derivative of 0 - j**2 + 39*j - 1/6*j**3. Suppose 0*g + 28 = -4*g + 4*s, -2*g - 6 = 2*s. Give m(g).
3
Let n(d) be the second derivative of -d**5/60 - 7*d**4/24 + 4*d**3/3 - 3*d**2/2 + 103*d - 2. Let z(g) be the second derivative of n(g). Calculate z(-11).
15
Let y(a) = -5*a - 1. Let p be y(-3). Let n be (p/28)/((-2)/8). Let c(v) = v**3 + 3*v**2 + 2*v - 2. What is c(n)?
-2
Let t = 40 - 41. Let p(g) = -80*g**2 - 5*g + 3. Let q(m) = -46*m**2 - 3*m + 2. Let b(i) = 3*p(i) - 5*q(i). Determine b(t).
-11
Let j be 44*(-3)/(-30)*150/6. Let n = j - 106. Let g(r) = -r**3 + 2*r**2 + 4*r. What is g(n)?
-16
Let w(a) = a - 16. Suppose -4*h = -18*h + 12768. Let i be h/51 + 18/153. What is w(i)?
2
Let p(x) = 14*x - 75. Let y be p(6). Let b(o) = 2 + 2*o**2 - 4 - o**3 - 2*o**2 + y. Suppose -3*z = -0*z. Calculate b(z).
7
Suppose -3*l - 7*l + 70 = 0. Let o(w) = l + 0 + 1 - w. Let c(j) = -2*j - 4. Let z be c(-5). Determine o(z).
2
Let x be -11 + (-7 - 12/18*-18). Let n(a) = -a**2 - 3*a - 1. What is n(x)?
-19
Let j(b) = 3*b - 2*b + 2 - 1 + 5. Suppose -2*p - 56 = 4*r, 8*p = 3*r + 4*p + 64. Determine j(r).
-10
Let z be (-7)/(14/4) - 6. Let n(u) be the first derivative of u**3/3 + 3*u**2 - 3*u - 24860. Give n(z).
13
Let y = 710 - 706. Let c(b) be the second derivative of 1/12*b**4 + 3*b**2 - 5*b + 0 - b**3. Determine c(y).
-2
Let w(r) = -r**3 - r**2 + 6. Suppose 0 = 5*p - 0*j + 2*j - 111, 0 = p - 5*j - 6. Suppose -4*u = 21*s - 5*s + 52, u = 5*s - 31. Let c = p + u. Give w(c).
6
Let l(a) be the third derivative of -a**6/120 - 2*a**5/5 + a**4/24 + 11*a**3/3 + 191*a**2 + 2*a - 1. Calculate l(-24).
-2
Let x(f) = -f - 5. Let r = 43 - 40. Suppose r*i + 12 = 81. Suppose 5*p = 7 + i. Determine x(p).
-11
Let i(j) = -j + 1. Let z(p) = -3*p + 21. Let g(y) = -4*y + 47. Let w be g(12). Let f(q) = w*z(q) + 4*i(q). Determine f(-12).
-5
Let o(r) = 1018*r**2 - 6 - 4*r + 1009*r**2 + 1025*r**2 - 3046*r**2 - r**3. Let s(p) = -p + 1. Let h be s(-4). Determine o(h).
-1
Let w(u) = -10*u - 7. Let i(d) = d**2 + 20*d - 38. Let v be i(-22). Let z(k) = 11*k + 8. Let a(p) = v*w(p) + 5*z(p). What is a(-3)?
13
Let i(r) = 1554*r - 524*r - 521*r - 512*r + 28. Give i(10).
-2
Let i(x) = -20*x**3. Suppose 15*b = 11*b - 2*k + 4, 5*b - 2*k - 14 = 0. Suppose -5*t = w + 8, -b*w = 52*t - 50*t + 8. What is i(t)?
20
Let i = -3 + 11. Let b(q) = 2*q - 8. Let o(p) = 3 + 71*p - 41*p - 31*p. Let h(j) = 3*b(j) + 5*o(j). Calculate h(i).
-1
Let h(f) be the first derivative of -165 - 8*f + 1/2*f**2. Give h(7).
-1
Let f(y) be the first derivative of 50 + 7/3*y**3 + 6*y - y**2 - 1/4*y**4. Give f(7).
-8
Let h = 170 - 168. Let w(g) = 6 - g**h - 6*g - 10*g + 20*g. Determine w(5).
1
Let u(p) = 375*p**2 - 4*p + 4. Let h be u(1). Let a(k) = -k**3 - h + 17*k**2 + 365 + 2*k**3. Calculate a(-17).
-10
Let l(o) = o**3 + 9*o**2 - 3*o + 74. Let b be l(-10). Let h be (430/387)/(b/18). Let m(p) = 2*p + 5. Give m(h).
15
Let m(g) = 388*g - 757. Let o be m(2). Let r(c) = -c**3 + 19*c**2 + c - 24. Give r(o).
-5
Let m(z) = -z**2 + z 